{"id":35332,"date":"2025-10-08T16:57:11","date_gmt":"2025-10-08T14:57:11","guid":{"rendered":"https:\/\/www.istitutosvizzero.it\/wp-content\/uploads\/2025\/07\/40815578195_9e7987ddaa_o.jpg"},"modified":"2025-10-08T16:57:50","modified_gmt":"2025-10-08T14:57:50","slug":"40815578195_9e7987ddaa_o","status":"inherit","type":"attachment","link":"https:\/\/www.istitutosvizzero.it\/it\/conferenza\/whats-on-your-plate\/attachment\/40815578195_9e7987ddaa_o\/","title":{"rendered":"40815578195_9e7987ddaa_o"},"author":5,"comment_status":"closed","ping_status":"closed","template":"","meta":{"inline_featured_image":false},"acf":[],"aioseo_notices":[],"description":{"rendered":"<p class=\"attachment\"><a href='https:\/\/www.istitutosvizzero.it\/wp-content\/uploads\/2025\/07\/40815578195_9e7987ddaa_o-scaled.jpg'><img width=\"300\" height=\"200\" src=\"https:\/\/www.istitutosvizzero.it\/wp-content\/uploads\/2025\/07\/40815578195_9e7987ddaa_o-300x200.jpg\" class=\"attachment-medium size-medium\" alt=\"\" loading=\"lazy\" srcset=\"https:\/\/www.istitutosvizzero.it\/wp-content\/uploads\/2025\/07\/40815578195_9e7987ddaa_o-300x200.jpg 300w, https:\/\/www.istitutosvizzero.it\/wp-content\/uploads\/2025\/07\/40815578195_9e7987ddaa_o-1024x681.jpg 1024w, https:\/\/www.istitutosvizzero.it\/wp-content\/uploads\/2025\/07\/40815578195_9e7987ddaa_o-768x511.jpg 768w, https:\/\/www.istitutosvizzero.it\/wp-content\/uploads\/2025\/07\/40815578195_9e7987ddaa_o-1536x1022.jpg 1536w, https:\/\/www.istitutosvizzero.it\/wp-content\/uploads\/2025\/07\/40815578195_9e7987ddaa_o-2048x1363.jpg 2048w, https:\/\/www.istitutosvizzero.it\/wp-content\/uploads\/2025\/07\/40815578195_9e7987ddaa_o-1200x798.jpg 1200w\" sizes=\"(max-width: 300px) 85vw, 300px\" \/><\/a><\/p>\n"},"caption":{"rendered":"<p>The Agricultural System of Valle Salado de A\u00f1ana, Spain, 2012. \u00a9The A\u00f1ana Salt Valley Foundation\/FAO<\/p>\n"},"alt_text":"","media_type":"image","mime_type":"image\/jpeg","media_details":{"width":2560,"height":1703,"file":"2025\/07\/40815578195_9e7987ddaa_o-scaled.jpg","filesize":1025331,"sizes":{"medium":{"file":"40815578195_9e7987ddaa_o-300x200.jpg","width":300,"height":200,"filesize":19807,"mime_type":"image\/jpeg","source_url":"https:\/\/www.istitutosvizzero.it\/wp-content\/uploads\/2025\/07\/40815578195_9e7987ddaa_o-300x200.jpg"},"large":{"file":"40815578195_9e7987ddaa_o-1024x681.jpg","width":1024,"height":681,"filesize":202925,"mime_type":"image\/jpeg","source_url":"https:\/\/www.istitutosvizzero.it\/wp-content\/uploads\/2025\/07\/40815578195_9e7987ddaa_o-1024x681.jpg"},"thumbnail":{"file":"40815578195_9e7987ddaa_o-150x150.jpg","width":150,"height":150,"filesize":8417,"mime_type":"image\/jpeg","source_url":"https:\/\/www.istitutosvizzero.it\/wp-content\/uploads\/2025\/07\/40815578195_9e7987ddaa_o-150x150.jpg"},"medium_large":{"file":"40815578195_9e7987ddaa_o-768x511.jpg","width":768,"height":511,"filesize":116086,"mime_type":"image\/jpeg","source_url":"https:\/\/www.istitutosvizzero.it\/wp-content\/uploads\/2025\/07\/40815578195_9e7987ddaa_o-768x511.jpg"},"1536x1536":{"file":"40815578195_9e7987ddaa_o-1536x1022.jpg","width":1536,"height":1022,"filesize":431970,"mime_type":"image\/jpeg","source_url":"https:\/\/www.istitutosvizzero.it\/wp-content\/uploads\/2025\/07\/40815578195_9e7987ddaa_o-1536x1022.jpg"},"2048x2048":{"file":"40815578195_9e7987ddaa_o-2048x1363.jpg","width":2048,"height":1363,"filesize":714689,"mime_type":"image\/jpeg","source_url":"https:\/\/www.istitutosvizzero.it\/wp-content\/uploads\/2025\/07\/40815578195_9e7987ddaa_o-2048x1363.jpg"},"post-thumbnail":{"file":"40815578195_9e7987ddaa_o-1200x798.jpg","width":1200,"height":798,"filesize":274985,"mime_type":"image\/jpeg","source_url":"https:\/\/www.istitutosvizzero.it\/wp-content\/uploads\/2025\/07\/40815578195_9e7987ddaa_o-1200x798.jpg"},"full":{"file":"40815578195_9e7987ddaa_o-scaled.jpg","width":2560,"height":1703,"mime_type":"image\/jpeg","source_url":"https:\/\/www.istitutosvizzero.it\/wp-content\/uploads\/2025\/07\/40815578195_9e7987ddaa_o-scaled.jpg"}},"image_meta":{"aperture":"11","credit":"\u00a9FAO\/The A\u00f1ana Salt Valley Fou","camera":"NIKON D700","caption":"24 August 2012, A\u00f1ana Spain - The Agricultural System of Valle Salado de A\u00f1ana.\r\rValle Salado is located in the town of Salinas de A\u00f1ana (Alava, Basque Country), approximately 30 km from the capital city, in northern Spain. It is crossed by two small rivers which join at the centre of the valley and sits on a giant salt bubble from a sea that disappeared millions of years ago.\r\rThanks to the existence of a geological phenomenon called Diapir and to the injection of fresh water into the bubble, a number of salt water springs emerge at the highest part of the valley. This salt water is channeled by means of an ingenious system of canals to the wells and salt pans, by the force of gravity, where it evaporates to form salt.\r\rThe ancient cultivation techniques have been carefully preserved, with the gradual introduction of changes required to preserve the livelihood of the local community, but respectfully preserving the basic conditions that experience has shown are the key to the system.\r\rPhoto credit must be given: \u00a9The A\u00f1ana Salt Valley Foundation. Editorial use only. Copyright \u00a9FAO.","created_timestamp":"1345800433","copyright":"\u00a9FAO. Editorial use only. Photo credit must be given","focal_length":"29","iso":"200","shutter_speed":"0.002","title":"","orientation":"1","keywords":["FAO","Globally","Important","Agricultural","Heritage","Systems","GIAHS","A\u00f1ana","Basque Autonomous Community","Spain","Valle Salado"]},"original_image":"40815578195_9e7987ddaa_o.jpg"},"post":35010,"source_url":"https:\/\/www.istitutosvizzero.it\/wp-content\/uploads\/2025\/07\/40815578195_9e7987ddaa_o-scaled.jpg","_links":{"self":[{"href":"https:\/\/www.istitutosvizzero.it\/it\/wp-json\/wp\/v2\/media\/35332"}],"collection":[{"href":"https:\/\/www.istitutosvizzero.it\/it\/wp-json\/wp\/v2\/media"}],"about":[{"href":"https:\/\/www.istitutosvizzero.it\/it\/wp-json\/wp\/v2\/types\/attachment"}],"author":[{"embeddable":true,"href":"https:\/\/www.istitutosvizzero.it\/it\/wp-json\/wp\/v2\/users\/5"}],"replies":[{"embeddable":true,"href":"https:\/\/www.istitutosvizzero.it\/it\/wp-json\/wp\/v2\/comments?post=35332"}]}}

<p>The Agricultural System of Valle Salado de Añana, Spain, 2012. ©The Añana Salt Valley Foundation/FAO</p>

©FAO/The Añana Salt Valley Fou

24 August 2012, Añana Spain - The Agricultural System of Valle Salado de Añana.Valle Salado is located in the town of Salinas de Añana (Alava, Basque Country), approximately 30 km from the capital city, in northern Spain. It is crossed by two small rivers which join at the centre of the valley and sits on a giant salt bubble from a sea that disappeared millions of years ago.Thanks to the existence of a geological phenomenon called Diapir and to the injection of fresh water into the bubble, a number of salt water springs emerge at the highest part of the valley. This salt water is channeled by means of an ingenious system of canals to the wells and salt pans, by the force of gravity, where it evaporates to form salt.The ancient cultivation techniques have been carefully preserved, with the gradual introduction of changes required to preserve the livelihood of the local community, but respectfully preserving the basic conditions that experience has shown are the key to the system.Photo credit must be given: ©The Añana Salt Valley Foundation. Editorial use only. Copyright ©FAO.

Añana
