{"id":18530,"date":"2021-11-24T16:13:54","date_gmt":"2021-11-24T15:13:54","guid":{"rendered":"https:\/\/www.istitutosvizzero.it\/wp-content\/uploads\/2021\/11\/Klingler-PPS2021-38-web.jpg"},"modified":"2021-11-24T16:15:12","modified_gmt":"2021-11-24T15:15:12","slug":"contemplations-monica-klingler-2021","status":"inherit","type":"attachment","link":"https:\/\/www.istitutosvizzero.it\/it\/performance\/sol-invictus-2\/attachment\/contemplations-monica-klingler-2021\/","title":{"rendered":"\u00ab Contemplations \u00bb, Monica Klingler, 2021"},"author":5,"comment_status":"closed","ping_status":"closed","template":"","meta":{"inline_featured_image":false},"acf":[],"aioseo_notices":[],"description":{"rendered":"<p class=\"attachment\"><a href='https:\/\/www.istitutosvizzero.it\/wp-content\/uploads\/2021\/11\/Klingler-PPS2021-38-web-scaled.jpg'><img width=\"300\" height=\"200\" src=\"https:\/\/www.istitutosvizzero.it\/wp-content\/uploads\/2021\/11\/Klingler-PPS2021-38-web-300x200.jpg\" class=\"attachment-medium size-medium\" alt=\"\" loading=\"lazy\" srcset=\"https:\/\/www.istitutosvizzero.it\/wp-content\/uploads\/2021\/11\/Klingler-PPS2021-38-web-300x200.jpg 300w, https:\/\/www.istitutosvizzero.it\/wp-content\/uploads\/2021\/11\/Klingler-PPS2021-38-web-1024x683.jpg 1024w, https:\/\/www.istitutosvizzero.it\/wp-content\/uploads\/2021\/11\/Klingler-PPS2021-38-web-768x512.jpg 768w, https:\/\/www.istitutosvizzero.it\/wp-content\/uploads\/2021\/11\/Klingler-PPS2021-38-web-1536x1024.jpg 1536w, https:\/\/www.istitutosvizzero.it\/wp-content\/uploads\/2021\/11\/Klingler-PPS2021-38-web-2048x1365.jpg 2048w, https:\/\/www.istitutosvizzero.it\/wp-content\/uploads\/2021\/11\/Klingler-PPS2021-38-web-1200x800.jpg 1200w\" sizes=\"(max-width: 300px) 85vw, 300px\" \/><\/a><\/p>\n"},"caption":{"rendered":"<p>Monica Klingler, The Swiss Performance Art Award at Lokremise, St Gallen. Photo by Emmanuelle Bayart <\/p>\n"},"alt_text":"","media_type":"image","mime_type":"image\/jpeg","media_details":{"width":2560,"height":1707,"file":"2021\/11\/Klingler-PPS2021-38-web-scaled.jpg","sizes":{"medium":{"file":"Klingler-PPS2021-38-web-300x200.jpg","width":300,"height":200,"mime_type":"image\/jpeg","source_url":"https:\/\/www.istitutosvizzero.it\/wp-content\/uploads\/2021\/11\/Klingler-PPS2021-38-web-300x200.jpg"},"large":{"file":"Klingler-PPS2021-38-web-1024x683.jpg","width":1024,"height":683,"mime_type":"image\/jpeg","source_url":"https:\/\/www.istitutosvizzero.it\/wp-content\/uploads\/2021\/11\/Klingler-PPS2021-38-web-1024x683.jpg"},"thumbnail":{"file":"Klingler-PPS2021-38-web-150x150.jpg","width":150,"height":150,"mime_type":"image\/jpeg","source_url":"https:\/\/www.istitutosvizzero.it\/wp-content\/uploads\/2021\/11\/Klingler-PPS2021-38-web-150x150.jpg"},"medium_large":{"file":"Klingler-PPS2021-38-web-768x512.jpg","width":768,"height":512,"mime_type":"image\/jpeg","source_url":"https:\/\/www.istitutosvizzero.it\/wp-content\/uploads\/2021\/11\/Klingler-PPS2021-38-web-768x512.jpg"},"1536x1536":{"file":"Klingler-PPS2021-38-web-1536x1024.jpg","width":1536,"height":1024,"mime_type":"image\/jpeg","source_url":"https:\/\/www.istitutosvizzero.it\/wp-content\/uploads\/2021\/11\/Klingler-PPS2021-38-web-1536x1024.jpg"},"2048x2048":{"file":"Klingler-PPS2021-38-web-2048x1365.jpg","width":2048,"height":1365,"mime_type":"image\/jpeg","source_url":"https:\/\/www.istitutosvizzero.it\/wp-content\/uploads\/2021\/11\/Klingler-PPS2021-38-web-2048x1365.jpg"},"post-thumbnail":{"file":"Klingler-PPS2021-38-web-1200x800.jpg","width":1200,"height":800,"mime_type":"image\/jpeg","source_url":"https:\/\/www.istitutosvizzero.it\/wp-content\/uploads\/2021\/11\/Klingler-PPS2021-38-web-1200x800.jpg"},"full":{"file":"Klingler-PPS2021-38-web-scaled.jpg","width":2560,"height":1707,"mime_type":"image\/jpeg","source_url":"https:\/\/www.istitutosvizzero.it\/wp-content\/uploads\/2021\/11\/Klingler-PPS2021-38-web-scaled.jpg"}},"image_meta":{"aperture":"5.6","credit":"Emmanuelle Bayart","camera":"Canon EOS 5DS R","caption":"Performancepreis Schweiz 2021, Samstag, 28. August 2021, Lokremise, St. Gallen.","created_timestamp":"1630166672","copyright":"\u00a9 Emmanuelle Bayart \/ Swiss Performance Art Award, 2021","focal_length":"27","iso":"6400","shutter_speed":"0.008","title":"\u00ab Contemplations \u00bb, Monica Klingler, 2021","orientation":"1","keywords":["-lalia","2021","Alizee Lennox","Alpina Huus","Anne Rochat","Cee F\u00fcllemann","Dorota Gaw\u0119da","Egl\u00e9 Kulbokait\u00e9","Elise Lammer","Hugo Canoilas","I DON\u2018T WANNA DIE \u00bb","Jessy Razafimandimby","Julie Monot","Kanton St.Gallen","Katja Schenker","Lara D\u00e2maso","Lika N\u00fcssli","Lucien Monot","L\u00e9a Katharina Meier","Madeleine Amsler","Marc Jenny","Marianne Burki","Martina Lughi","Mia Sanchez","Monica Klingler","Nadia Veronese","Niels Trannois","Patrick de Rham","Pavel Aguilar","Performancepreis Schweiz","Premio Svizzero della Performance","Prix Suisse de la Performance","Romy R\u00fcegger","Sarah Margnetti","Swiss Performance Art Award","Switzerland","Tanja Scartazzini","Tarren Johnson","www.performanceartaward.ch","\u00ab AS LONG AS I CAN BE A SCULPTURE","\u00ab Contemplations \u00bb","\u00ab Ocean Spirit \u00bb","\u00ab Theodora or The Progress: A RESOLUTION \u00bb","\u00ab Tous les sexes tombent du ciel \u00bb","\u00ab exercise in random laments \u00bb"]},"original_image":"Klingler-PPS2021-38-web.jpg"},"post":18479,"source_url":"https:\/\/www.istitutosvizzero.it\/wp-content\/uploads\/2021\/11\/Klingler-PPS2021-38-web-scaled.jpg","_links":{"self":[{"href":"https:\/\/www.istitutosvizzero.it\/it\/wp-json\/wp\/v2\/media\/18530"}],"collection":[{"href":"https:\/\/www.istitutosvizzero.it\/it\/wp-json\/wp\/v2\/media"}],"about":[{"href":"https:\/\/www.istitutosvizzero.it\/it\/wp-json\/wp\/v2\/types\/attachment"}],"author":[{"embeddable":true,"href":"https:\/\/www.istitutosvizzero.it\/it\/wp-json\/wp\/v2\/users\/5"}],"replies":[{"embeddable":true,"href":"https:\/\/www.istitutosvizzero.it\/it\/wp-json\/wp\/v2\/comments?post=18530"}]}}

Cee Füllemann

Dorota Gawęda

Eglé Kulbokaité

Lara Dâmaso

Lika Nüssli

Léa Katharina Meier

Romy Rüegger
