{"id":12616,"date":"2020-12-02T14:53:39","date_gmt":"2020-12-02T13:53:39","guid":{"rendered":"https:\/\/www.istitutosvizzero.it\/wp-content\/uploads\/2020\/11\/200818_laradamaso_8.jpg"},"modified":"2020-12-16T11:21:47","modified_gmt":"2020-12-16T10:21:47","slug":"200818_laradamaso_8","status":"inherit","type":"attachment","link":"https:\/\/www.istitutosvizzero.it\/it\/performance\/1000-spaces\/attachment\/200818_laradamaso_8\/","title":{"rendered":""},"author":3,"comment_status":"closed","ping_status":"closed","template":"","meta":{"inline_featured_image":false},"acf":[],"aioseo_notices":[],"description":{"rendered":"<p class=\"attachment\"><a href='https:\/\/www.istitutosvizzero.it\/wp-content\/uploads\/2020\/11\/200818_laradamaso_8.jpg'><img width=\"225\" height=\"300\" src=\"https:\/\/www.istitutosvizzero.it\/wp-content\/uploads\/2020\/11\/200818_laradamaso_8-225x300.jpg\" class=\"attachment-medium size-medium\" alt=\"\" loading=\"lazy\" srcset=\"https:\/\/www.istitutosvizzero.it\/wp-content\/uploads\/2020\/11\/200818_laradamaso_8-225x300.jpg 225w, https:\/\/www.istitutosvizzero.it\/wp-content\/uploads\/2020\/11\/200818_laradamaso_8-768x1024.jpg 768w, https:\/\/www.istitutosvizzero.it\/wp-content\/uploads\/2020\/11\/200818_laradamaso_8-1200x1600.jpg 1200w\" sizes=\"(max-width: 225px) 85vw, 225px\" \/><\/a><\/p>\n"},"caption":{"rendered":"<p>Lara D\u00e2maso, &#8216;Listening Piece&#8217;, 2020, Sommer des Z\u00f6gerns, Kunsthalle Z\u00fcrich. Image: \u00a9 James Bantone<\/p>\n"},"alt_text":"","media_type":"image","mime_type":"image\/jpeg","media_details":{"width":2200,"height":2933,"file":"2020\/11\/200818_laradamaso_8.jpg","sizes":{"thumbnail":{"file":"200818_laradamaso_8-150x150.jpg","width":150,"height":150,"mime_type":"image\/jpeg","source_url":"https:\/\/www.istitutosvizzero.it\/wp-content\/uploads\/2020\/11\/200818_laradamaso_8-150x150.jpg"},"medium":{"file":"200818_laradamaso_8-225x300.jpg","width":225,"height":300,"mime_type":"image\/jpeg","source_url":"https:\/\/www.istitutosvizzero.it\/wp-content\/uploads\/2020\/11\/200818_laradamaso_8-225x300.jpg"},"medium_large":{"file":"200818_laradamaso_8-768x1024.jpg","width":768,"height":1024,"mime_type":"image\/jpeg","source_url":"https:\/\/www.istitutosvizzero.it\/wp-content\/uploads\/2020\/11\/200818_laradamaso_8-768x1024.jpg"},"large":{"file":"200818_laradamaso_8-768x1024.jpg","width":768,"height":1024,"mime_type":"image\/jpeg","source_url":"https:\/\/www.istitutosvizzero.it\/wp-content\/uploads\/2020\/11\/200818_laradamaso_8-768x1024.jpg"},"post-thumbnail":{"file":"200818_laradamaso_8-1200x1600.jpg","width":1200,"height":1600,"mime_type":"image\/jpeg","source_url":"https:\/\/www.istitutosvizzero.it\/wp-content\/uploads\/2020\/11\/200818_laradamaso_8-1200x1600.jpg"},"full":{"file":"200818_laradamaso_8.jpg","width":2200,"height":2933,"mime_type":"image\/jpeg","source_url":"https:\/\/www.istitutosvizzero.it\/wp-content\/uploads\/2020\/11\/200818_laradamaso_8.jpg"}},"image_meta":{"aperture":"0","credit":"","camera":"","caption":"","created_timestamp":"0","copyright":"","focal_length":"0","iso":"0","shutter_speed":"0","title":"","orientation":"0","keywords":[]}},"post":12361,"source_url":"https:\/\/www.istitutosvizzero.it\/wp-content\/uploads\/2020\/11\/200818_laradamaso_8.jpg","_links":{"self":[{"href":"https:\/\/www.istitutosvizzero.it\/it\/wp-json\/wp\/v2\/media\/12616"}],"collection":[{"href":"https:\/\/www.istitutosvizzero.it\/it\/wp-json\/wp\/v2\/media"}],"about":[{"href":"https:\/\/www.istitutosvizzero.it\/it\/wp-json\/wp\/v2\/types\/attachment"}],"author":[{"embeddable":true,"href":"https:\/\/www.istitutosvizzero.it\/it\/wp-json\/wp\/v2\/users\/3"}],"replies":[{"embeddable":true,"href":"https:\/\/www.istitutosvizzero.it\/it\/wp-json\/wp\/v2\/comments?post=12616"}]}}

<p>Lara Dâmaso, &#8216;Listening Piece&#8217;, 2020, Sommer des Zögerns, Kunsthalle Zürich. Image: © James Bantone</p>
