{"id":30640,"date":"2024-05-10T16:39:45","date_gmt":"2024-05-10T14:39:45","guid":{"rendered":"https:\/\/www.istitutosvizzero.it\/wp-content\/uploads\/2024\/04\/Affiche-de-la-conference-par-Mme-Nelly-Roussel.png"},"modified":"2024-05-10T16:39:56","modified_gmt":"2024-05-10T14:39:56","slug":"affiche-de-la-conference-par-mme-nelly-roussel","status":"inherit","type":"attachment","link":"https:\/\/www.istitutosvizzero.it\/de\/installazione\/kinship-in-transformation\/attachment\/affiche-de-la-conference-par-mme-nelly-roussel\/","title":{"rendered":"Bild: Affiche de la conf\u00e9rence par Mme Nelly Roussel, organis\u00e9e par la Ligue de la R\u00e9g\u00e9n\u00e9ration Humaine (Paris), [1907] (Quelle: International Institute of Social History (IISH), IISG BG E12\/61)."},"author":5,"comment_status":"closed","ping_status":"closed","template":"","meta":{"inline_featured_image":false},"acf":[],"aioseo_notices":[],"description":{"rendered":"<p class=\"attachment\"><a href='https:\/\/www.istitutosvizzero.it\/wp-content\/uploads\/2024\/04\/Affiche-de-la-conference-par-Mme-Nelly-Roussel.png'><img width=\"225\" height=\"300\" src=\"https:\/\/www.istitutosvizzero.it\/wp-content\/uploads\/2024\/04\/Affiche-de-la-conference-par-Mme-Nelly-Roussel-225x300.png\" class=\"attachment-medium size-medium\" alt=\"Bild: Affiche de la conf\u00e9rence par Mme Nelly Roussel, organis\u00e9e par la Ligue de la R\u00e9g\u00e9n\u00e9ration Humaine (Paris), [1907] (Quelle: International Institute of Social History (IISH), IISG BG E12\/61).\" loading=\"lazy\" srcset=\"https:\/\/www.istitutosvizzero.it\/wp-content\/uploads\/2024\/04\/Affiche-de-la-conference-par-Mme-Nelly-Roussel-225x300.png 225w, https:\/\/www.istitutosvizzero.it\/wp-content\/uploads\/2024\/04\/Affiche-de-la-conference-par-Mme-Nelly-Roussel-767x1024.png 767w, https:\/\/www.istitutosvizzero.it\/wp-content\/uploads\/2024\/04\/Affiche-de-la-conference-par-Mme-Nelly-Roussel-768x1025.png 768w, https:\/\/www.istitutosvizzero.it\/wp-content\/uploads\/2024\/04\/Affiche-de-la-conference-par-Mme-Nelly-Roussel.png 1022w\" sizes=\"(max-width: 225px) 85vw, 225px\" \/><\/a><\/p>\n<p>Bild: Affiche de la conf\u00e9rence par Mme Nelly Roussel, organis\u00e9e par la Ligue de la R\u00e9g\u00e9n\u00e9ration Humaine (Paris), [1907] (Quelle: International Institute of Social History (IISH), IISG BG E12\/61).<\/p>\n"},"caption":{"rendered":"<p>Bild: Affiche de la conf\u00e9rence par Mme Nelly Roussel, organis\u00e9e par la Ligue de la R\u00e9g\u00e9n\u00e9ration Humaine (Paris), [1907] (Quelle: International Institute of Social History (IISH), IISG BG E12\/61).<\/p>\n"},"alt_text":"Bild: Affiche de la conf\u00e9rence par Mme Nelly Roussel, organis\u00e9e par la Ligue de la R\u00e9g\u00e9n\u00e9ration Humaine (Paris), [1907] (Quelle: International Institute of Social History (IISH), IISG BG E12\/61).","media_type":"image","mime_type":"image\/png","media_details":{"width":1022,"height":1364,"file":"2024\/04\/Affiche-de-la-conference-par-Mme-Nelly-Roussel.png","filesize":2116213,"sizes":{"medium":{"file":"Affiche-de-la-conference-par-Mme-Nelly-Roussel-225x300.png","width":225,"height":300,"filesize":109840,"mime_type":"image\/png","source_url":"https:\/\/www.istitutosvizzero.it\/wp-content\/uploads\/2024\/04\/Affiche-de-la-conference-par-Mme-Nelly-Roussel-225x300.png"},"large":{"file":"Affiche-de-la-conference-par-Mme-Nelly-Roussel-767x1024.png","width":767,"height":1024,"filesize":889613,"mime_type":"image\/png","source_url":"https:\/\/www.istitutosvizzero.it\/wp-content\/uploads\/2024\/04\/Affiche-de-la-conference-par-Mme-Nelly-Roussel-767x1024.png"},"thumbnail":{"file":"Affiche-de-la-conference-par-Mme-Nelly-Roussel-150x150.png","width":150,"height":150,"filesize":41919,"mime_type":"image\/png","source_url":"https:\/\/www.istitutosvizzero.it\/wp-content\/uploads\/2024\/04\/Affiche-de-la-conference-par-Mme-Nelly-Roussel-150x150.png"},"medium_large":{"file":"Affiche-de-la-conference-par-Mme-Nelly-Roussel-768x1025.png","width":768,"height":1025,"filesize":892053,"mime_type":"image\/png","source_url":"https:\/\/www.istitutosvizzero.it\/wp-content\/uploads\/2024\/04\/Affiche-de-la-conference-par-Mme-Nelly-Roussel-768x1025.png"},"full":{"file":"Affiche-de-la-conference-par-Mme-Nelly-Roussel.png","width":1022,"height":1364,"mime_type":"image\/png","source_url":"https:\/\/www.istitutosvizzero.it\/wp-content\/uploads\/2024\/04\/Affiche-de-la-conference-par-Mme-Nelly-Roussel.png"}},"image_meta":{"aperture":"0","credit":"","camera":"","caption":"","created_timestamp":"0","copyright":"","focal_length":"0","iso":"0","shutter_speed":"0","title":"","orientation":"0","keywords":[]}},"post":29920,"source_url":"https:\/\/www.istitutosvizzero.it\/wp-content\/uploads\/2024\/04\/Affiche-de-la-conference-par-Mme-Nelly-Roussel.png","_links":{"self":[{"href":"https:\/\/www.istitutosvizzero.it\/de\/wp-json\/wp\/v2\/media\/30640"}],"collection":[{"href":"https:\/\/www.istitutosvizzero.it\/de\/wp-json\/wp\/v2\/media"}],"about":[{"href":"https:\/\/www.istitutosvizzero.it\/de\/wp-json\/wp\/v2\/types\/attachment"}],"author":[{"embeddable":true,"href":"https:\/\/www.istitutosvizzero.it\/de\/wp-json\/wp\/v2\/users\/5"}],"replies":[{"embeddable":true,"href":"https:\/\/www.istitutosvizzero.it\/de\/wp-json\/wp\/v2\/comments?post=30640"}]}}

Bild: Affiche de la conférence par Mme Nelly Roussel, organisée par la Ligue de la Régénération Humaine (Paris), [1907] (Quelle: International Institute of Social History (IISH), IISG BG E12/61).

<p class="attachment"><a href='https://www.istitutosvizzero.it/wp-content/uploads/2024/04/Affiche-de-la-conference-par-Mme-Nelly-Roussel.png'><img width="225" height="300" src="https://www.istitutosvizzero.it/wp-content/uploads/2024/04/Affiche-de-la-conference-par-Mme-Nelly-Roussel-225x300.png" class="attachment-medium size-medium" alt="Bild: Affiche de la conférence par Mme Nelly Roussel, organisée par la Ligue de la Régénération Humaine (Paris), [1907] (Quelle: International Institute of Social History (IISH), IISG BG E12/61)." loading="lazy" srcset="https://www.istitutosvizzero.it/wp-content/uploads/2024/04/Affiche-de-la-conference-par-Mme-Nelly-Roussel-225x300.png 225w, https://www.istitutosvizzero.it/wp-content/uploads/2024/04/Affiche-de-la-conference-par-Mme-Nelly-Roussel-767x1024.png 767w, https://www.istitutosvizzero.it/wp-content/uploads/2024/04/Affiche-de-la-conference-par-Mme-Nelly-Roussel-768x1025.png 768w, https://www.istitutosvizzero.it/wp-content/uploads/2024/04/Affiche-de-la-conference-par-Mme-Nelly-Roussel.png 1022w" sizes="(max-width: 225px) 85vw, 225px" /></a></p>
<p>Bild: Affiche de la conférence par Mme Nelly Roussel, organisée par la Ligue de la Régénération Humaine (Paris), [1907] (Quelle: International Institute of Social History (IISH), IISG BG E12/61).</p>

<p>Bild: Affiche de la conférence par Mme Nelly Roussel, organisée par la Ligue de la Régénération Humaine (Paris), [1907] (Quelle: International Institute of Social History (IISH), IISG BG E12/61).</p>
