{"id":13257,"date":"2021-01-12T09:25:47","date_gmt":"2021-01-12T08:25:47","guid":{"rendered":"https:\/\/www.istitutosvizzero.it\/wp-content\/uploads\/2020\/10\/Thistle-4.jpg"},"modified":"2021-01-21T10:54:21","modified_gmt":"2021-01-21T09:54:21","slug":"thistle-4","status":"inherit","type":"attachment","link":"https:\/\/www.istitutosvizzero.it\/de\/arte\/dorota-gaweda-egle-kulbokaite\/attachment\/thistle-4\/","title":{"rendered":"Thistle 4"},"author":5,"comment_status":"closed","ping_status":"closed","template":"","meta":{"inline_featured_image":false},"acf":[],"aioseo_notices":[],"description":{"rendered":"<p class=\"attachment\"><a href='https:\/\/www.istitutosvizzero.it\/wp-content\/uploads\/2020\/10\/Thistle-4.jpg'><img width=\"300\" height=\"169\" src=\"https:\/\/www.istitutosvizzero.it\/wp-content\/uploads\/2020\/10\/Thistle-4-300x169.jpg\" class=\"attachment-medium size-medium\" alt=\"\" loading=\"lazy\" srcset=\"https:\/\/www.istitutosvizzero.it\/wp-content\/uploads\/2020\/10\/Thistle-4-300x169.jpg 300w, https:\/\/www.istitutosvizzero.it\/wp-content\/uploads\/2020\/10\/Thistle-4-768x432.jpg 768w, https:\/\/www.istitutosvizzero.it\/wp-content\/uploads\/2020\/10\/Thistle-4-1024x576.jpg 1024w, https:\/\/www.istitutosvizzero.it\/wp-content\/uploads\/2020\/10\/Thistle-4-1200x675.jpg 1200w, https:\/\/www.istitutosvizzero.it\/wp-content\/uploads\/2020\/10\/Thistle-4.jpg 1920w\" sizes=\"(max-width: 300px) 85vw, 300px\" \/><\/a><\/p>\n<p>Dorota Gaw\u0119da &#038; Egl\u0117 Kulbokait\u0117, &#8218;Still life of a thistle between carnations and cornflowers on a mossy forest floor&#8216;, 2020, film still.<br clear='none'\/>\n\u00a9 Dorota Gaw\u0119da &#038; Egl\u0117 Kulbokait\u0117<\/p>\n"},"caption":{"rendered":"<p>Dorota Gaw\u0119da &#038; Egl\u0117 Kulbokait\u0117, &#8218;Still life of a thistle between carnations and cornflowers on a mossy forest floor&#8216;, 2020, film still.<br \/>\n\u00a9 Dorota Gaw\u0119da &#038; Egl\u0117 Kulbokait\u0117<\/p>\n"},"alt_text":"","media_type":"image","mime_type":"image\/jpeg","media_details":{"width":1920,"height":1080,"file":"2020\/10\/Thistle-4.jpg","sizes":{"thumbnail":{"file":"Thistle-4-150x150.jpg","width":150,"height":150,"mime_type":"image\/jpeg","source_url":"https:\/\/www.istitutosvizzero.it\/wp-content\/uploads\/2020\/10\/Thistle-4-150x150.jpg"},"medium":{"file":"Thistle-4-300x169.jpg","width":300,"height":169,"mime_type":"image\/jpeg","source_url":"https:\/\/www.istitutosvizzero.it\/wp-content\/uploads\/2020\/10\/Thistle-4-300x169.jpg"},"medium_large":{"file":"Thistle-4-768x432.jpg","width":768,"height":432,"mime_type":"image\/jpeg","source_url":"https:\/\/www.istitutosvizzero.it\/wp-content\/uploads\/2020\/10\/Thistle-4-768x432.jpg"},"large":{"file":"Thistle-4-1024x576.jpg","width":1024,"height":576,"mime_type":"image\/jpeg","source_url":"https:\/\/www.istitutosvizzero.it\/wp-content\/uploads\/2020\/10\/Thistle-4-1024x576.jpg"},"post-thumbnail":{"file":"Thistle-4-1200x675.jpg","width":1200,"height":675,"mime_type":"image\/jpeg","source_url":"https:\/\/www.istitutosvizzero.it\/wp-content\/uploads\/2020\/10\/Thistle-4-1200x675.jpg"},"full":{"file":"Thistle-4.jpg","width":1920,"height":1080,"mime_type":"image\/jpeg","source_url":"https:\/\/www.istitutosvizzero.it\/wp-content\/uploads\/2020\/10\/Thistle-4.jpg"}},"image_meta":{"aperture":"0","credit":"","camera":"","caption":"","created_timestamp":"0","copyright":"","focal_length":"0","iso":"0","shutter_speed":"0","title":"","orientation":"0","keywords":[]}},"post":11186,"source_url":"https:\/\/www.istitutosvizzero.it\/wp-content\/uploads\/2020\/10\/Thistle-4.jpg","_links":{"self":[{"href":"https:\/\/www.istitutosvizzero.it\/de\/wp-json\/wp\/v2\/media\/13257"}],"collection":[{"href":"https:\/\/www.istitutosvizzero.it\/de\/wp-json\/wp\/v2\/media"}],"about":[{"href":"https:\/\/www.istitutosvizzero.it\/de\/wp-json\/wp\/v2\/types\/attachment"}],"author":[{"embeddable":true,"href":"https:\/\/www.istitutosvizzero.it\/de\/wp-json\/wp\/v2\/users\/5"}],"replies":[{"embeddable":true,"href":"https:\/\/www.istitutosvizzero.it\/de\/wp-json\/wp\/v2\/comments?post=13257"}]}}

<p class="attachment"><a href='https://www.istitutosvizzero.it/wp-content/uploads/2020/10/Thistle-4.jpg'><img width="300" height="169" src="https://www.istitutosvizzero.it/wp-content/uploads/2020/10/Thistle-4-300x169.jpg" class="attachment-medium size-medium" alt="" loading="lazy" srcset="https://www.istitutosvizzero.it/wp-content/uploads/2020/10/Thistle-4-300x169.jpg 300w, https://www.istitutosvizzero.it/wp-content/uploads/2020/10/Thistle-4-768x432.jpg 768w, https://www.istitutosvizzero.it/wp-content/uploads/2020/10/Thistle-4-1024x576.jpg 1024w, https://www.istitutosvizzero.it/wp-content/uploads/2020/10/Thistle-4-1200x675.jpg 1200w, https://www.istitutosvizzero.it/wp-content/uploads/2020/10/Thistle-4.jpg 1920w" sizes="(max-width: 300px) 85vw, 300px" /></a></p>
<p>Dorota Gawęda &#038; Eglė Kulbokaitė, &#8218;Still life of a thistle between carnations and cornflowers on a mossy forest floor&#8216;, 2020, film still.<br clear='none'/>
© Dorota Gawęda &#038; Eglė Kulbokaitė</p>

<p>Dorota Gawęda &#038; Eglė Kulbokaitė, &#8218;Still life of a thistle between carnations and cornflowers on a mossy forest floor&#8216;, 2020, film still.<br />
© Dorota Gawęda &#038; Eglė Kulbokaitė</p>
